divisor of 616 and 4?
4
Calculate the highest common divisor of 610 and 4148.
122
Calculate the highest common factor of 114 and 38.
38
Calculate the highest common divisor of 135 and 441.
9
Calculate the greatest common factor of 12 and 996.
12
Calculate the highest common divisor of 2849 and 185.
37
Calculate the highest common divisor of 690 and 120.
30
Calculate the greatest common divisor of 410 and 50.
10
Calculate the greatest common factor of 913 and 83.
83
Calculate the greatest common divisor of 1008 and 63.
63
What is the highest common factor of 14 and 7322?
14
What is the highest common factor of 4319 and 7?
7
Calculate the highest common factor of 51 and 318.
3
Calculate the greatest common divisor of 45 and 975.
15
What is the greatest common divisor of 636 and 36?
12
Calculate the highest common divisor of 99 and 297.
99
Calculate the highest common factor of 861 and 41.
41
Calculate the greatest common factor of 29877 and 92.
23
What is the greatest common divisor of 726 and 264?
66
Calculate the greatest common divisor of 336 and 2856.
168
What is the greatest common factor of 49 and 896?
7
Calculate the greatest common factor of 155 and 310.
155
What is the greatest common factor of 3912 and 18?
6
What is the highest common factor of 428 and 4?
4
Calculate the greatest common factor of 1077 and 9.
3
What is the highest common divisor of 611 and 94?
47
What is the greatest common factor of 15 and 129?
3
Calculate the highest common divisor of 121 and 2783.
121
What is the greatest common divisor of 30 and 18?
6
What is the highest common divisor of 14 and 189?
7
Calculate the highest common divisor of 27 and 2.
1
Calculate the highest common divisor of 2256 and 24.
24
Calculate the highest common factor of 11 and 1177.
11
Calculate the highest common factor of 364 and 78.
26
Calculate the greatest common factor of 2171 and 39.
13
What is the greatest common factor of 277 and 30193?
277
Calculate the greatest common factor of 4462 and 582.
194
Calculate the greatest common divisor of 160 and 1080.
40
What is the greatest common factor of 100 and 380?
20
What is the highest common divisor of 336 and 48?
48
Calculate the highest common divisor of 110 and 30.
10
Calculate the highest common factor of 1420 and 30.
10
Calculate the greatest common factor of 44 and 396.
44
Calculate the greatest common divisor of 745 and 30.
5
What is the greatest common factor of 1740 and 30?
30
Calculate the greatest common divisor of 20 and 400.
20
What is the highest common factor of 2941 and 51?
17
What is the greatest common factor of 2444 and 752?
188
Calculate the highest common factor of 112 and 40.
8
What is the greatest common factor of 1155 and 66?
33
What is the highest common divisor of 18 and 81?
9
Calculate the greatest common divisor of 369 and 9.
9
Calculate the greatest common factor of 2 and 1720.
2
Calculate the highest common factor of 250 and 400.
50
Calculate the greatest common divisor of 13 and 1664.
13
Calculate the highest common factor of 34 and 4658.
34
What is the highest common factor of 15525 and 300?
75
Calculate the greatest common factor of 135 and 30.
15
What is the highest common divisor of 9487 and 53?
53
Calculate the greatest common factor of 300 and 6200.
100
What is the greatest common divisor of 5 and 45?
5
What is the highest common factor of 15 and 615?
15
Calculate the highest common divisor of 754 and 58.
58
What is the greatest common factor of 34 and 1496?
34
What is the highest common divisor of 19 and 1501?
19
Calculate the highest common divisor of 105 and 35.
35
What is the highest common divisor of 48 and 2672?
16
Calculate the highest common divisor of 57 and 532.
19
Calculate the greatest common factor of 174 and 34278.
174
Calculate the greatest common divisor of 8 and 80.
8
What is the greatest common factor of 15606 and 108?
54
Calculate the greatest common divisor of 481 and 222.
37
Calculate the highest common factor of 15 and 42.
3
Calculate the highest common divisor of 506 and 143.
11
Calculate the highest common divisor of 14 and 35.
7
What is the highest common factor of 63 and 1134?
63
Calculate the greatest common factor of 595 and 3995.
85
What is the greatest common factor of 5887 and 7?
7
What is the greatest common factor of 150 and 1725?
75
What is the greatest common factor of 39688 and 176?
88
Calculate the greatest common factor of 330 and 30.
30
What is the highest common divisor of 8523 and 9?
9
Calculate the highest common factor of 110 and 4730.
110
What is the highest common factor of 219 and 292?
73
Calculate the highest common factor of 4437 and 783.
261
Calculate the highest common divisor of 1 and 227.
1
Calculate the highest common factor of 160 and 32.
32
What is the highest common divisor of 4 and 1028?
4
Calculate the greatest common divisor of 18 and 1152.
18
What is the greatest common divisor of 99 and 342?
9
What is the highest common factor of 97 and 5?
1
Calculate the highest common factor of 5490 and 70.
10
What is the highest common factor of 155 and 1643?
31
Calculate the greatest common divisor of 649 and 22.
11
What is the highest common factor of 551 and 29?
29
What is the highest common factor of 200 and 288?
8
What is the greatest common divisor of 3822 and 196?
98
Calculate the greatest common divisor of 3885 and 60.
15
Calculate the greatest common divisor of 17 and 7.
1
Calculate the greatest common factor of 2028 and 26.
26
What is the greatest common factor of 189 and 6?
3
Calculate the greatest common divisor of 720 and 285.
15
Calculate the greatest common divisor of 276 and 372.
12
Calculate the highest common factor of 1156 and 17.
17
What is the highest common factor of 3490 and 10?
10
What is the highest common divisor of 307 and 24253?
307
What is the highest common factor of 3160 and 40?
40
Calculate the highest common divisor of 85 and 680.
85
What is the highest common factor of 40005 and 70?
35
Calculate the highest common factor of 1330 and 70.
70
What is the greatest common divisor of 11259 and 81?
81
Calculate the greatest common factor of 704 and 64.
64
What is the highest common divisor of 44 and 374?
22
What is the highest common divisor of 928 and 580?
116
Calculate the highest common factor of 15 and 4560.
15
What is the highest common factor of 77 and 3157?
77
What is the greatest common factor of 41347 and 173?
173
Calculate the greatest common divisor of 21971 and 127.
127
What is the highest common divisor of 4674 and 2?
2
What is the greatest common divisor of 205 and 5?
5
What is the highest common factor of 209 and 475?
19
What is the greatest common factor of 1116 and 36?
36
Calculate the greatest common factor of 684 and 6422.
38
Calculate the highest common factor of 32 and 736.
32
Calculate the greatest common divisor of 40 and 30.
10
Calculate the highest common factor of 665 and 6745.
95
Calculate the greatest common factor of 2086 and 14.
14
Calculate the greatest common divisor of 1269 and 517.
47
Calculate the highest common divisor of 1945 and 5.
5
What is the highest common factor of 456 and 24?
24
What is the highest common factor of 6915 and 15?
15
What is the highest common factor of 440 and 104?
8
What is the highest common divisor of 161 and 189?
7
Calculate the greatest common divisor of 15 and 215.
5
Calculate the greatest common factor of 31280 and 510.
170
Calculate the greatest common factor of 4 and 134.
2
What is the greatest common factor of 66 and 2926?
22
What is the highest common factor of 89 and 3382?
89
What is the greatest common divisor of 187 and 17?
17
Calculate the greatest common divisor of 21 and 77.
7
Calculate the greatest common divisor of 187 and 51.
17
What is the highest common divisor of 310 and 186?
62
What is the highest common factor of 4683 and 21?
21
What is the greatest common divisor of 732 and 108?
12
Calculate the highest common factor of 5 and 265.
5
Calculate the greatest common divisor of 1367 and 1.
1
What is the greatest common factor of 57 and 114?
57
Calculate the highest common factor of 208 and 48.
16
What is the greatest common factor of 651 and 84?
21
Calculate the greatest common factor of 783 and 513.
27
What is the greatest common divisor of 82 a